{"id":56,"date":"2016-11-28T13:48:30","date_gmt":"2016-11-28T13:48:30","guid":{"rendered":"http:\/\/iesbenjamin.educacion.navarra.es\/blogs\/orientacion\/?page_id=56"},"modified":"2017-01-24T09:40:38","modified_gmt":"2017-01-24T09:40:38","slug":"eso","status":"publish","type":"page","link":"https:\/\/iesbenjamin.educacion.navarra.es\/blogs\/orientacion\/orientacion-de-estudios\/eso\/eso\/","title":{"rendered":"4 \u00ba  de ESO"},"content":{"rendered":"<p>Seg\u00fan la LOMCE, 4\u00ba de ESO tiene dos modalidades, la acad\u00e9mica y la aplicada.\u00a0 Cada una de ellas ofrece diferentes salidas, la modalidad acad\u00e9mica para el <a href=\"http:\/\/iesbenjamin.educacion.navarra.es\/blogs\/orientacion\/orientacion-de-estudios\/bachillerato\/\">BACHILLERATO<\/a> y la modalidad aplicada hacia<a href=\"http:\/\/iesbenjamin.educacion.navarra.es\/blogs\/orientacion\/orientacion-de-estudios\/formacion-profesional\/formacion-profesional-de-grado-medio\/\"> FORMACI\u00d3N PROFESIONAL\u00a0 DE GRADO MEDIO. <\/a><\/p>\n<p>Con respecto a las asignaturas, existe un bloque com\u00fan a las dos modalidades y un bloque espec\u00edfico para cada una de ellas. Dentro de la modalidad acad\u00e9mica existen dos itinerarios, el cient\u00edfico y el human\u00edstico que dirigen hacia las diferentes modalidades de Bachillerato.<\/p>\n<p>En el esquema siguiente se refleja la oferta de nuestro Instituto<\/p>\n<p><img loading=\"lazy\" class=\"aligncenter wp-image-304 size-full\" src=\"http:\/\/iesbenjamin.educacion.navarra.es\/blogs\/orientacion\/wp-content\/uploads\/sites\/8\/2017\/01\/4-eso.jpg\" width=\"960\" height=\"796\" srcset=\"https:\/\/iesbenjamin.educacion.navarra.es\/blogs\/orientacion\/wp-content\/uploads\/sites\/8\/2017\/01\/4-eso.jpg 960w, https:\/\/iesbenjamin.educacion.navarra.es\/blogs\/orientacion\/wp-content\/uploads\/sites\/8\/2017\/01\/4-eso-300x249.jpg 300w, https:\/\/iesbenjamin.educacion.navarra.es\/blogs\/orientacion\/wp-content\/uploads\/sites\/8\/2017\/01\/4-eso-768x637.jpg 768w\" sizes=\"(max-width: 960px) 100vw, 960px\" \/><\/p>\n","protected":false},"excerpt":{"rendered":"<p>Seg\u00fan la LOMCE, 4\u00ba de ESO tiene dos modalidades, la acad\u00e9mica y la aplicada.\u00a0 Cada una de ellas ofrece diferentes salidas, la modalidad acad\u00e9mica para el BACHILLERATO y la modalidad aplicada hacia FORMACI\u00d3N PROFESIONAL\u00a0 DE GRADO MEDIO. Con respecto a &hellip; <a href=\"https:\/\/iesbenjamin.educacion.navarra.es\/blogs\/orientacion\/orientacion-de-estudios\/eso\/eso\/\">Sigue leyendo <span class=\"meta-nav\">&rarr;<\/span><\/a><\/p>\n","protected":false},"author":84,"featured_media":0,"parent":225,"menu_order":0,"comment_status":"closed","ping_status":"closed","template":"","meta":[],"_links":{"self":[{"href":"https:\/\/iesbenjamin.educacion.navarra.es\/blogs\/orientacion\/wp-json\/wp\/v2\/pages\/56"}],"collection":[{"href":"https:\/\/iesbenjamin.educacion.navarra.es\/blogs\/orientacion\/wp-json\/wp\/v2\/pages"}],"about":[{"href":"https:\/\/iesbenjamin.educacion.navarra.es\/blogs\/orientacion\/wp-json\/wp\/v2\/types\/page"}],"author":[{"embeddable":true,"href":"https:\/\/iesbenjamin.educacion.navarra.es\/blogs\/orientacion\/wp-json\/wp\/v2\/users\/84"}],"replies":[{"embeddable":true,"href":"https:\/\/iesbenjamin.educacion.navarra.es\/blogs\/orientacion\/wp-json\/wp\/v2\/comments?post=56"}],"version-history":[{"count":5,"href":"https:\/\/iesbenjamin.educacion.navarra.es\/blogs\/orientacion\/wp-json\/wp\/v2\/pages\/56\/revisions"}],"predecessor-version":[{"id":306,"href":"https:\/\/iesbenjamin.educacion.navarra.es\/blogs\/orientacion\/wp-json\/wp\/v2\/pages\/56\/revisions\/306"}],"up":[{"embeddable":true,"href":"https:\/\/iesbenjamin.educacion.navarra.es\/blogs\/orientacion\/wp-json\/wp\/v2\/pages\/225"}],"wp:attachment":[{"href":"https:\/\/iesbenjamin.educacion.navarra.es\/blogs\/orientacion\/wp-json\/wp\/v2\/media?parent=56"}],"curies":[{"name":"wp","href":"https:\/\/api.w.org\/{rel}","templated":true}]}}