{"id":52,"date":"2016-11-28T13:47:50","date_gmt":"2016-11-28T13:47:50","guid":{"rendered":"http:\/\/iesbenjamin.educacion.navarra.es\/blogs\/orientacion\/?page_id=52"},"modified":"2018-11-26T09:38:24","modified_gmt":"2018-11-26T09:38:24","slug":"para-alumnos-as","status":"publish","type":"page","link":"https:\/\/iesbenjamin.educacion.navarra.es\/blogs\/orientacion\/para-alumnos-as\/","title":{"rendered":"T\u00e9cnicas de estudio y de aprendizaje"},"content":{"rendered":"<p>Algunos recursos y webs para mejorar las t\u00e9cnicas de estudio<\/p>\n<p><a href=\"http:\/\/ntic.educacion.es\/w3\/\/eos\/MaterialesEducativos\/mem2006\/aprender_estudiar\/index2.html\" target=\"_blank\" rel=\"noopener\">Aprender a estudiar, de Ra\u00fal Mart\u00ednez\u00a0<\/a><a href=\"http:\/\/ntic.educacion.es\/w3\/\/eos\/MaterialesEducativos\/mem2006\/aprender_estudiar\/index2.html\" target=\"_blank\" rel=\"noopener\"><img loading=\"lazy\" class=\"aligncenter wp-image-202 size-medium\" src=\"http:\/\/iesbenjamin.educacion.navarra.es\/blogs\/orientacion\/wp-content\/uploads\/sites\/8\/2016\/11\/tecnicas1-300x65.jpg\" alt=\"tecnicas1\" width=\"300\" height=\"65\" srcset=\"https:\/\/iesbenjamin.educacion.navarra.es\/blogs\/orientacion\/wp-content\/uploads\/sites\/8\/2016\/11\/tecnicas1-300x65.jpg 300w, https:\/\/iesbenjamin.educacion.navarra.es\/blogs\/orientacion\/wp-content\/uploads\/sites\/8\/2016\/11\/tecnicas1.jpg 400w\" sizes=\"(max-width: 300px) 100vw, 300px\" \/><\/a><\/p>\n<p>&nbsp;<\/p>\n<p>Encontrar\u00e1s t\u00e9cnicas para mejorar tu memoria, elaborar trabajos, concentraci\u00f3n y motivaci\u00f3n, exposiciones orales, preparar ex\u00e1menes, t\u00e9cnicas de lectura..0<\/p>\n<p><strong><a href=\"http:\/\/contenidos.educarex.es\/mci\/2004\/11\/testinicio\/indextestestudio.html\">T\u00e9cnicas de Estudio, de la Junta de Extremadura<\/a><\/strong><\/p>\n<p><a href=\"http:\/\/contenidos.educarex.es\/mci\/2004\/11\/testinicio\/indextestestudio.html\" target=\"_blank\" rel=\"noopener\"><img loading=\"lazy\" class=\"aligncenter wp-image-205 size-medium\" src=\"http:\/\/iesbenjamin.educacion.navarra.es\/blogs\/orientacion\/wp-content\/uploads\/sites\/8\/2016\/11\/tecnicas2-300x54.jpg\" alt=\"tecnicas2\" width=\"300\" height=\"54\" srcset=\"https:\/\/iesbenjamin.educacion.navarra.es\/blogs\/orientacion\/wp-content\/uploads\/sites\/8\/2016\/11\/tecnicas2-300x54.jpg 300w, https:\/\/iesbenjamin.educacion.navarra.es\/blogs\/orientacion\/wp-content\/uploads\/sites\/8\/2016\/11\/tecnicas2.jpg 579w\" sizes=\"(max-width: 300px) 100vw, 300px\" \/><\/a><\/p>\n<p>Un buen recurso para trabajar a nivel individual las t\u00e9cnicas de estudio b\u00e1sicas; aunque est\u00e1n pensadas para alumnos de ESO, tambi\u00e9n ser\u00e1n \u00fatiles para cursos superiores. Incluye una valoraci\u00f3n inicial del nivel personal de manejo en estas t\u00e9cnicas, orientaciones y pr\u00e1cticas concretas, con un apartado interesante para la mejora de la lectura.<\/p>\n<p>&nbsp;<\/p>\n<p><a href=\"http:\/\/www.educa.jcyl.es\/educacyl\/cm\/gallery\/Recursos%20Infinity\/aplicaciones\/aprender\/default.htm\"><strong>Aprender a Estudiar, de la Junta de Castilla y Le\u00f3n<\/strong><\/a><\/p>\n<p><a href=\"http:\/\/www.educa.jcyl.es\/educacyl\/cm\/gallery\/Recursos%20Infinity\/aplicaciones\/aprender\/default.htm\" target=\"_blank\" rel=\"noopener\"><img loading=\"lazy\" class=\"aligncenter wp-image-207 size-medium\" src=\"http:\/\/iesbenjamin.educacion.navarra.es\/blogs\/orientacion\/wp-content\/uploads\/sites\/8\/2016\/11\/tecnicas3-300x45.jpg\" alt=\"tecnicas3\" width=\"300\" height=\"45\" srcset=\"https:\/\/iesbenjamin.educacion.navarra.es\/blogs\/orientacion\/wp-content\/uploads\/sites\/8\/2016\/11\/tecnicas3-300x45.jpg 300w, https:\/\/iesbenjamin.educacion.navarra.es\/blogs\/orientacion\/wp-content\/uploads\/sites\/8\/2016\/11\/tecnicas3.jpg 591w\" sizes=\"(max-width: 300px) 100vw, 300px\" \/><\/a><\/p>\n<p>Programa interactivo donde el alumno puede ir seleccionando una serie de categor\u00edas que van desde las condiciones de estudio a t\u00e9cnicas concretas de las cuales aparecen consejos, juegos y ejercicios pr\u00e1cticos.<\/p>\n<p>&nbsp;<\/p>\n<p><strong><a href=\"http:\/\/habitosdeestudio.umh.es\/\">H\u00e1bitos de estudio y estrategias de aprendizaje, de la Universidad Miguel Hern\u00e1ndez de Elche<\/a><\/strong><\/p>\n<p><a href=\"http:\/\/habitosdeestudio.umh.es\/\" target=\"_blank\" rel=\"noopener\"><img loading=\"lazy\" class=\"aligncenter wp-image-209 size-medium\" src=\"http:\/\/iesbenjamin.educacion.navarra.es\/blogs\/orientacion\/wp-content\/uploads\/sites\/8\/2016\/11\/tecnicas4-300x32.jpg\" alt=\"tecnicas4\" width=\"300\" height=\"32\" srcset=\"https:\/\/iesbenjamin.educacion.navarra.es\/blogs\/orientacion\/wp-content\/uploads\/sites\/8\/2016\/11\/tecnicas4-300x32.jpg 300w, https:\/\/iesbenjamin.educacion.navarra.es\/blogs\/orientacion\/wp-content\/uploads\/sites\/8\/2016\/11\/tecnicas4.jpg 539w\" sizes=\"(max-width: 300px) 100vw, 300px\" \/><\/a><\/p>\n<p>Aunque orientada a estudiantes universitarios, ofrece consejos pr\u00e1cticos para el estudio de nuestro alumnado.<\/p>\n<p>&nbsp;<\/p>\n","protected":false},"excerpt":{"rendered":"<p>Algunos recursos y webs para mejorar las t\u00e9cnicas de estudio Aprender a estudiar, de Ra\u00fal Mart\u00ednez\u00a0 &nbsp; Encontrar\u00e1s t\u00e9cnicas para mejorar tu memoria, elaborar trabajos, concentraci\u00f3n y motivaci\u00f3n, exposiciones orales, preparar ex\u00e1menes, t\u00e9cnicas de lectura..0 T\u00e9cnicas de Estudio, de la &hellip; <a href=\"https:\/\/iesbenjamin.educacion.navarra.es\/blogs\/orientacion\/para-alumnos-as\/\">Sigue leyendo <span class=\"meta-nav\">&rarr;<\/span><\/a><\/p>\n","protected":false},"author":84,"featured_media":0,"parent":0,"menu_order":0,"comment_status":"closed","ping_status":"closed","template":"","meta":[],"_links":{"self":[{"href":"https:\/\/iesbenjamin.educacion.navarra.es\/blogs\/orientacion\/wp-json\/wp\/v2\/pages\/52"}],"collection":[{"href":"https:\/\/iesbenjamin.educacion.navarra.es\/blogs\/orientacion\/wp-json\/wp\/v2\/pages"}],"about":[{"href":"https:\/\/iesbenjamin.educacion.navarra.es\/blogs\/orientacion\/wp-json\/wp\/v2\/types\/page"}],"author":[{"embeddable":true,"href":"https:\/\/iesbenjamin.educacion.navarra.es\/blogs\/orientacion\/wp-json\/wp\/v2\/users\/84"}],"replies":[{"embeddable":true,"href":"https:\/\/iesbenjamin.educacion.navarra.es\/blogs\/orientacion\/wp-json\/wp\/v2\/comments?post=52"}],"version-history":[{"count":16,"href":"https:\/\/iesbenjamin.educacion.navarra.es\/blogs\/orientacion\/wp-json\/wp\/v2\/pages\/52\/revisions"}],"predecessor-version":[{"id":755,"href":"https:\/\/iesbenjamin.educacion.navarra.es\/blogs\/orientacion\/wp-json\/wp\/v2\/pages\/52\/revisions\/755"}],"wp:attachment":[{"href":"https:\/\/iesbenjamin.educacion.navarra.es\/blogs\/orientacion\/wp-json\/wp\/v2\/media?parent=52"}],"curies":[{"name":"wp","href":"https:\/\/api.w.org\/{rel}","templated":true}]}}