{"id":50,"date":"2016-11-28T13:47:35","date_gmt":"2016-11-28T13:47:35","guid":{"rendered":"http:\/\/iesbenjamin.educacion.navarra.es\/blogs\/orientacion\/?page_id=50"},"modified":"2023-10-02T11:45:24","modified_gmt":"2023-10-02T11:45:24","slug":"para-familias","status":"publish","type":"page","link":"https:\/\/iesbenjamin.educacion.navarra.es\/blogs\/orientacion\/para-familias\/","title":{"rendered":"Para familias"},"content":{"rendered":"\n<p><\/p>\n\n\n\n<p><\/p>\n\n\n<p><a href=\"http:\/\/universidaddepadres.es\/\">UNIVERSIDAD DE PADRES<\/a>. El proyecto de Formaci\u00f3n de familias liderado por el profesor Marina<\/p>\n<p><a href=\"http:\/\/www.fundacionbertelsmann.org\/es\/home\/publicaciones-raiz\/publicacion\/did\/como-orientar-profesionalmente-a-tu-hijo\/\" target=\"_blank\" rel=\"noopener noreferrer\">\u00bfC\u00d3MO ORIENTAR PROFESIONALMENTE A TU \u00a0HIJO?<\/a>\u00a0Una gu\u00eda de la Fundaci\u00f3n Bertelsmann\u00a0para padres, donde se \u00a0ofrece a las familias informaci\u00f3n relevante para que puedan formarse su propio criterio a la hora de entender, enfocar y asesorar, desde la responsabilidad parental, todo el proceso de Orientaci\u00f3n Profesional de sus hijos. Los contenidos abordados por los autores de este manual facilitan a los padres las claves fundamentales para valorar las distintas alternativas y oportunidades que el sistema educativo y laboral ponen a su alcance.<\/p>\n<p>La gu\u00eda puede descargarse completa o por cap\u00edtulos. \u00a0Los contenidos de la Gu\u00eda abarcan muchos aspectos fundamentales \u00a0( psicolog\u00eda, modos de comunicaci\u00f3n) para la ayuda a los hijos en esta important\u00edsima tarea.<\/p>","protected":false},"excerpt":{"rendered":"<p>UNIVERSIDAD DE PADRES. El proyecto de Formaci\u00f3n de familias liderado por el profesor Marina \u00bfC\u00d3MO ORIENTAR PROFESIONALMENTE A TU \u00a0HIJO?\u00a0Una gu\u00eda de la Fundaci\u00f3n Bertelsmann\u00a0para padres, donde se \u00a0ofrece a las familias informaci\u00f3n relevante para que puedan formarse su propio &hellip; <a href=\"https:\/\/iesbenjamin.educacion.navarra.es\/blogs\/orientacion\/para-familias\/\">Sigue leyendo <span class=\"meta-nav\">&rarr;<\/span><\/a><\/p>\n","protected":false},"author":84,"featured_media":0,"parent":0,"menu_order":0,"comment_status":"closed","ping_status":"closed","template":"","meta":[],"_links":{"self":[{"href":"https:\/\/iesbenjamin.educacion.navarra.es\/blogs\/orientacion\/wp-json\/wp\/v2\/pages\/50"}],"collection":[{"href":"https:\/\/iesbenjamin.educacion.navarra.es\/blogs\/orientacion\/wp-json\/wp\/v2\/pages"}],"about":[{"href":"https:\/\/iesbenjamin.educacion.navarra.es\/blogs\/orientacion\/wp-json\/wp\/v2\/types\/page"}],"author":[{"embeddable":true,"href":"https:\/\/iesbenjamin.educacion.navarra.es\/blogs\/orientacion\/wp-json\/wp\/v2\/users\/84"}],"replies":[{"embeddable":true,"href":"https:\/\/iesbenjamin.educacion.navarra.es\/blogs\/orientacion\/wp-json\/wp\/v2\/comments?post=50"}],"version-history":[{"count":7,"href":"https:\/\/iesbenjamin.educacion.navarra.es\/blogs\/orientacion\/wp-json\/wp\/v2\/pages\/50\/revisions"}],"predecessor-version":[{"id":1117,"href":"https:\/\/iesbenjamin.educacion.navarra.es\/blogs\/orientacion\/wp-json\/wp\/v2\/pages\/50\/revisions\/1117"}],"wp:attachment":[{"href":"https:\/\/iesbenjamin.educacion.navarra.es\/blogs\/orientacion\/wp-json\/wp\/v2\/media?parent=50"}],"curies":[{"name":"wp","href":"https:\/\/api.w.org\/{rel}","templated":true}]}}