{"id":333,"date":"2017-03-01T16:54:10","date_gmt":"2017-03-01T16:54:10","guid":{"rendered":"http:\/\/iesbenjamin.educacion.navarra.es\/blogs\/orientacion\/?page_id=333"},"modified":"2022-02-10T09:32:27","modified_gmt":"2022-02-10T09:32:27","slug":"notas-de-corte-para-el-acceso-a-grado-superior-curso-16-17","status":"publish","type":"page","link":"https:\/\/iesbenjamin.educacion.navarra.es\/blogs\/orientacion\/orientacion-de-estudios\/formacion-profesional\/formacion-profesional-de-grado-superior\/notas-de-corte-para-el-acceso-a-grado-superior-curso-16-17\/","title":{"rendered":"\u00abNotas de corte\u00bb para el acceso a Grado Superior."},"content":{"rendered":"<p>Dejamos un enlace con las notas de acceso a Ciclos Formativos de Grado Superior del curso 20-21. Os recordamos que son una referencia y una aproximaci\u00f3n a lo que puede ocurrir el pr\u00f3ximo curso.<\/p>\n<p><a href=\"https:\/\/www.educacion.navarra.es\/documents\/27590\/1958834\/20-21_GS_Notasdecorte.pdf\/56210cd8-987e-180e-7804-0234c3e13418\">GS_NOTAS CORTE 20-21<\/a><\/p>\n<p>Est\u00e1n ordenados por grupos de acceso y dentro de cada uno , por los diferentes modos de acceso. A saber:<\/p>\n<p><strong>Grupo de acceso 1: <\/strong>alumnado con el t\u00edtulo de Bachiller<strong>. 12 plazas <\/strong><\/p>\n<p>1.Bachiller en el mismo curso, modalidad y materia preferente<\/p>\n<p>2.Bachiller en el mismo curso, modalidad preferente<\/p>\n<p>3.Bachiller en el mismo curso, modalidad no preferente<\/p>\n<p>4.Bachiller en cursos anteriores, modalidad y materia preferente<\/p>\n<p>5.Bachiller en cursos anteriores, modalidad preferente<\/p>\n<p>6.Bachiller en cursos anteriores, modalidad no preferente.<\/p>\n<p>Podeis consultar las modalidades de acceso preferente a la FP de Grado Superior \u00a0aqu\u00ed:<\/p>\n<p><a href=\"http:\/\/iesbenjamin.educacion.navarra.es\/blogs\/orientacion\/wp-content\/uploads\/sites\/8\/2017\/03\/201617_Preferencia-Acceso-a-GS-desde-Bachiller.pdf\">Preferencia Acceso a GS desde Bachiller<\/a><\/p>\n<p><strong> Grupo de acceso 2: <\/strong>alumnado con t\u00edtulo de T\u00e9cnico de FP (incluye al alumnado del Curso de Acceso y del Curso Preparatorio). <strong>\u00a06 plazas <\/strong><\/p>\n<p>1.T\u00edtulo de T\u00e9cnico de FP en el mismo curso &#8211; Curso de Acceso en el mismo curso<\/p>\n<p>2.T\u00edtulo de T\u00e9cnico que no se encuentre en la situaci\u00f3n anterior<\/p>\n<p><strong> Grupo de acceso 3: <\/strong>alumnado con prueba de acceso y otras titulaciones. 2 <strong>plazas <\/strong><\/p>\n<p>1.Prueba de acceso GS o Prueba acceso universidad &gt; 25 a\u00f1os, preferente o excluyente<\/p>\n<p>2.Prueba acceso GS o Prueba acceso universidad &gt; 25 a\u00f1os, acceso no preferente<\/p>\n<p>3.Otros t\u00edtulos<\/p>\n<p><strong>En cada grupo: <\/strong>Nota de acceso \u2013 Si existe empate: resultado sorteo CG Escolarizaci\u00f3n<\/p>\n","protected":false},"excerpt":{"rendered":"<p>Dejamos un enlace con las notas de acceso a Ciclos Formativos de Grado Superior del curso 20-21. Os recordamos que son una referencia y una aproximaci\u00f3n a lo que puede ocurrir el pr\u00f3ximo curso. GS_NOTAS CORTE 20-21 Est\u00e1n ordenados por &hellip; <a href=\"https:\/\/iesbenjamin.educacion.navarra.es\/blogs\/orientacion\/orientacion-de-estudios\/formacion-profesional\/formacion-profesional-de-grado-superior\/notas-de-corte-para-el-acceso-a-grado-superior-curso-16-17\/\">Sigue leyendo <span class=\"meta-nav\">&rarr;<\/span><\/a><\/p>\n","protected":false},"author":84,"featured_media":0,"parent":175,"menu_order":0,"comment_status":"closed","ping_status":"closed","template":"","meta":[],"_links":{"self":[{"href":"https:\/\/iesbenjamin.educacion.navarra.es\/blogs\/orientacion\/wp-json\/wp\/v2\/pages\/333"}],"collection":[{"href":"https:\/\/iesbenjamin.educacion.navarra.es\/blogs\/orientacion\/wp-json\/wp\/v2\/pages"}],"about":[{"href":"https:\/\/iesbenjamin.educacion.navarra.es\/blogs\/orientacion\/wp-json\/wp\/v2\/types\/page"}],"author":[{"embeddable":true,"href":"https:\/\/iesbenjamin.educacion.navarra.es\/blogs\/orientacion\/wp-json\/wp\/v2\/users\/84"}],"replies":[{"embeddable":true,"href":"https:\/\/iesbenjamin.educacion.navarra.es\/blogs\/orientacion\/wp-json\/wp\/v2\/comments?post=333"}],"version-history":[{"count":7,"href":"https:\/\/iesbenjamin.educacion.navarra.es\/blogs\/orientacion\/wp-json\/wp\/v2\/pages\/333\/revisions"}],"predecessor-version":[{"id":1069,"href":"https:\/\/iesbenjamin.educacion.navarra.es\/blogs\/orientacion\/wp-json\/wp\/v2\/pages\/333\/revisions\/1069"}],"up":[{"embeddable":true,"href":"https:\/\/iesbenjamin.educacion.navarra.es\/blogs\/orientacion\/wp-json\/wp\/v2\/pages\/175"}],"wp:attachment":[{"href":"https:\/\/iesbenjamin.educacion.navarra.es\/blogs\/orientacion\/wp-json\/wp\/v2\/media?parent=333"}],"curies":[{"name":"wp","href":"https:\/\/api.w.org\/{rel}","templated":true}]}}