{"id":177,"date":"2016-12-05T17:09:17","date_gmt":"2016-12-05T17:09:17","guid":{"rendered":"http:\/\/iesbenjamin.educacion.navarra.es\/blogs\/orientacion\/?page_id=177"},"modified":"2021-01-04T17:39:03","modified_gmt":"2021-01-04T17:39:03","slug":"formacion-profesional-on-line","status":"publish","type":"page","link":"https:\/\/iesbenjamin.educacion.navarra.es\/blogs\/orientacion\/orientacion-de-estudios\/formacion-profesional\/formacion-profesional-on-line\/","title":{"rendered":"Formaci\u00f3n Profesional ON LINE y  SEMIPRESENCIAL"},"content":{"rendered":"<p>\u00a0<\/p>\n<p>Esta oferta va dirigida a personas que no pueden cursar la Formaci\u00f3n Profesional en los centros educativos en el horario presencial y que posean unos conocimientos b\u00e1sicos del uso del ordenador y de Internet. Mayoritariamente se dirige a personas adultas, y en especial a aquellas que acrediten una experiencia laboral.<\/p>\n<p><strong>Oferta e inscripci\u00f3n de la Modalidad ON LINE:<\/strong><\/p>\n<p><a href=\"https:\/\/www.educacion.navarra.es\/web\/dpto\/formacion-profesional\/formacion-profesional-a-distancia\" target=\"_blank\" rel=\"noopener\">Informaci\u00f3n sobre la oferta e inscripci\u00f3n del Gobierno de Navarra<\/a><\/p>\n<p>Al tratarse de un t\u00edtulo oficial, el curr\u00edculo ser\u00e1 el mismo que se obtiene en la formaci\u00f3n presencial ordinaria en Navarra.<\/p>\n<p>Estos ciclos tambi\u00e9n se ofrecen en otras Comunidades Aut\u00f3nomas en la modalidad a distancia on-line.<\/p>\n<p>Los plazos de inscripci\u00f3n son diferentes que\u00a0 ciclos presenciales, es preciso estar atento a las noticias en prensa, en la web del Departamento de Educaci\u00f3n y a las entradas de este blog<\/p>\n\n\n<p>Oferta e inscripci\u00f3n de la Modalidad SEMIPRESENCIAL<\/p>\n\n\n\n<p><a href=\"https:\/\/www.educacion.navarra.es\/web\/dpto\/formacion-profesional\/formacion-profesional-a-distancia\">Informaci\u00f3n sobre la Oferta SEMIPRESENCIAL<\/a> ( est\u00e1 al final de la p\u00e1gina enlazada)<\/p>\n","protected":false},"excerpt":{"rendered":"<p>\u00a0 Esta oferta va dirigida a personas que no pueden cursar la Formaci\u00f3n Profesional en los centros educativos en el horario presencial y que posean unos conocimientos b\u00e1sicos del uso del ordenador y de Internet. Mayoritariamente se dirige a personas &hellip; <a href=\"https:\/\/iesbenjamin.educacion.navarra.es\/blogs\/orientacion\/orientacion-de-estudios\/formacion-profesional\/formacion-profesional-on-line\/\">Sigue leyendo <span class=\"meta-nav\">&rarr;<\/span><\/a><\/p>\n","protected":false},"author":84,"featured_media":0,"parent":60,"menu_order":0,"comment_status":"closed","ping_status":"closed","template":"","meta":[],"_links":{"self":[{"href":"https:\/\/iesbenjamin.educacion.navarra.es\/blogs\/orientacion\/wp-json\/wp\/v2\/pages\/177"}],"collection":[{"href":"https:\/\/iesbenjamin.educacion.navarra.es\/blogs\/orientacion\/wp-json\/wp\/v2\/pages"}],"about":[{"href":"https:\/\/iesbenjamin.educacion.navarra.es\/blogs\/orientacion\/wp-json\/wp\/v2\/types\/page"}],"author":[{"embeddable":true,"href":"https:\/\/iesbenjamin.educacion.navarra.es\/blogs\/orientacion\/wp-json\/wp\/v2\/users\/84"}],"replies":[{"embeddable":true,"href":"https:\/\/iesbenjamin.educacion.navarra.es\/blogs\/orientacion\/wp-json\/wp\/v2\/comments?post=177"}],"version-history":[{"count":6,"href":"https:\/\/iesbenjamin.educacion.navarra.es\/blogs\/orientacion\/wp-json\/wp\/v2\/pages\/177\/revisions"}],"predecessor-version":[{"id":1046,"href":"https:\/\/iesbenjamin.educacion.navarra.es\/blogs\/orientacion\/wp-json\/wp\/v2\/pages\/177\/revisions\/1046"}],"up":[{"embeddable":true,"href":"https:\/\/iesbenjamin.educacion.navarra.es\/blogs\/orientacion\/wp-json\/wp\/v2\/pages\/60"}],"wp:attachment":[{"href":"https:\/\/iesbenjamin.educacion.navarra.es\/blogs\/orientacion\/wp-json\/wp\/v2\/media?parent=177"}],"curies":[{"name":"wp","href":"https:\/\/api.w.org\/{rel}","templated":true}]}}

Formación Profesional ON LINE y  SEMIPRESENCIAL

<p> </p>
<p>Esta oferta va dirigida a personas que no pueden cursar la Formación Profesional en los centros educativos en el horario presencial y que posean unos conocimientos básicos del uso del ordenador y de Internet. Mayoritariamente se dirige a personas adultas, y en especial a aquellas que acrediten una experiencia laboral.</p>
<p><strong>Oferta e inscripción de la Modalidad ON LINE:</strong></p>
<p><a href="https://www.educacion.navarra.es/web/dpto/formacion-profesional/formacion-profesional-a-distancia" target="_blank" rel="noopener">Información sobre la oferta e inscripción del Gobierno de Navarra</a></p>
<p>Al tratarse de un título oficial, el currículo será el mismo que se obtiene en la formación presencial ordinaria en Navarra.</p>
<p>Estos ciclos también se ofrecen en otras Comunidades Autónomas en la modalidad a distancia on-line.</p>
<p>Los plazos de inscripción son diferentes que  ciclos presenciales, es preciso estar atento a las noticias en prensa, en la web del Departamento de Educación y a las entradas de este blog</p>


<p>Oferta e inscripción de la Modalidad SEMIPRESENCIAL</p>



<p><a href="https://www.educacion.navarra.es/web/dpto/formacion-profesional/formacion-profesional-a-distancia">Información sobre la Oferta SEMIPRESENCIAL</a> ( está al final de la página enlazada)</p>

<p>  Esta oferta va dirigida a personas que no pueden cursar la Formación Profesional en los centros educativos en el horario presencial y que posean unos conocimientos básicos del uso del ordenador y de Internet. Mayoritariamente se dirige a personas &hellip; <a href="https://iesbenjamin.educacion.navarra.es/blogs/orientacion/orientacion-de-estudios/formacion-profesional/formacion-profesional-on-line/">Sigue leyendo <span class="meta-nav">&rarr;</span></a></p>
