{"id":455,"date":"2017-04-25T19:10:37","date_gmt":"2017-04-25T17:10:37","guid":{"rendered":"http:\/\/iesbenjamin.educacion.navarra.es\/blogs\/igualdad\/?page_id=455"},"modified":"2017-04-25T19:10:37","modified_gmt":"2017-04-25T17:10:37","slug":"imagina-tu-meta","status":"publish","type":"page","link":"https:\/\/iesbenjamin.educacion.navarra.es\/blogs\/igualdad\/8-marzo\/imagina-tu-meta\/","title":{"rendered":"IMAGINA TU META"},"content":{"rendered":"<p style=\"text-align: center\">La carrera de la vida est\u00e1 llena de obst\u00e1culos. Desde Farmamundi, nos proponen mirar a nuestro alrededor e imaginarnos como ser\u00e1 nuestra meta.<\/p>\n<p style=\"text-align: center\">Farmamundi denuncia que en pleno siglo XXI la desigualdad de g\u00e9nero en la salud persiste y la mayor\u00eda de las causas que la provocan son injustas y evitables. Todas y todos podemos contribuir a reducirlas; la toma de conciencia es el primer paso hacia la igualdad de g\u00e9nero en salud.<\/p>\n<p><iframe loading=\"lazy\" width=\"640\" height=\"360\" src=\"https:\/\/www.youtube.com\/embed\/nj6YXNgOlx0?feature=oembed\" frameborder=\"0\" allowfullscreen><\/iframe><\/p>\n","protected":false},"excerpt":{"rendered":"<p>La carrera de la vida est\u00e1 llena de obst\u00e1culos. Desde Farmamundi, nos proponen mirar a nuestro alrededor e imaginarnos como ser\u00e1 nuestra meta. Farmamundi denuncia que en pleno siglo XXI la desigualdad de g\u00e9nero en la salud persiste y la &hellip; <a href=\"https:\/\/iesbenjamin.educacion.navarra.es\/blogs\/igualdad\/8-marzo\/imagina-tu-meta\/\">Sigue leyendo <span class=\"meta-nav\">&rarr;<\/span><\/a><\/p>\n","protected":false},"author":7,"featured_media":0,"parent":174,"menu_order":0,"comment_status":"closed","ping_status":"closed","template":"","meta":[],"_links":{"self":[{"href":"https:\/\/iesbenjamin.educacion.navarra.es\/blogs\/igualdad\/wp-json\/wp\/v2\/pages\/455"}],"collection":[{"href":"https:\/\/iesbenjamin.educacion.navarra.es\/blogs\/igualdad\/wp-json\/wp\/v2\/pages"}],"about":[{"href":"https:\/\/iesbenjamin.educacion.navarra.es\/blogs\/igualdad\/wp-json\/wp\/v2\/types\/page"}],"author":[{"embeddable":true,"href":"https:\/\/iesbenjamin.educacion.navarra.es\/blogs\/igualdad\/wp-json\/wp\/v2\/users\/7"}],"replies":[{"embeddable":true,"href":"https:\/\/iesbenjamin.educacion.navarra.es\/blogs\/igualdad\/wp-json\/wp\/v2\/comments?post=455"}],"version-history":[{"count":1,"href":"https:\/\/iesbenjamin.educacion.navarra.es\/blogs\/igualdad\/wp-json\/wp\/v2\/pages\/455\/revisions"}],"predecessor-version":[{"id":456,"href":"https:\/\/iesbenjamin.educacion.navarra.es\/blogs\/igualdad\/wp-json\/wp\/v2\/pages\/455\/revisions\/456"}],"up":[{"embeddable":true,"href":"https:\/\/iesbenjamin.educacion.navarra.es\/blogs\/igualdad\/wp-json\/wp\/v2\/pages\/174"}],"wp:attachment":[{"href":"https:\/\/iesbenjamin.educacion.navarra.es\/blogs\/igualdad\/wp-json\/wp\/v2\/media?parent=455"}],"curies":[{"name":"wp","href":"https:\/\/api.w.org\/{rel}","templated":true}]}}