{"id":376,"date":"2017-03-02T14:45:20","date_gmt":"2017-03-02T13:45:20","guid":{"rendered":"http:\/\/iesbenjamin.educacion.navarra.es\/blogs\/igualdad\/?page_id=376"},"modified":"2017-03-02T14:48:13","modified_gmt":"2017-03-02T13:48:13","slug":"la-igualdad-empieza-en-mi","status":"publish","type":"page","link":"https:\/\/iesbenjamin.educacion.navarra.es\/blogs\/igualdad\/8-marzo\/la-igualdad-empieza-en-mi\/","title":{"rendered":"LA IGUALDAD EMPIEZA EN MI"},"content":{"rendered":"<p style=\"text-align: center\">Os compartimos la estupenda campa\u00f1a que ha presentado el Instituto Vasco de la Mujer, con motivo de la celebraci\u00f3n el pr\u00f3ximo 8 de marzo del d\u00eda de la mujer.<\/p>\n<p style=\"text-align: center\"><em>Este 8 de marzo visibilizamos a las personas que deciden cortar las cadenas de chistes machistas, que se niegan a comprar productos que se anuncien con publicid<span class=\"text_exposed_show\">ad sexista o que priman el talento de las personas en la empresa sin que sexo, raza o procedencia supongan ninguna barrera. Porque la igualdad tambi\u00e9n empieza en cada una de las personas, diariamente, con actitudes y acciones ejemplares en el entorno m\u00e1s pr\u00f3ximo.<\/span><\/em><\/p>\n<p><iframe loading=\"lazy\" width=\"640\" height=\"360\" src=\"https:\/\/www.youtube.com\/embed\/SnwYKIy1wFo?feature=oembed\" frameborder=\"0\" allowfullscreen><\/iframe><\/p>\n","protected":false},"excerpt":{"rendered":"<p>Os compartimos la estupenda campa\u00f1a que ha presentado el Instituto Vasco de la Mujer, con motivo de la celebraci\u00f3n el pr\u00f3ximo 8 de marzo del d\u00eda de la mujer. Este 8 de marzo visibilizamos a las personas que deciden cortar &hellip; <a href=\"https:\/\/iesbenjamin.educacion.navarra.es\/blogs\/igualdad\/8-marzo\/la-igualdad-empieza-en-mi\/\">Sigue leyendo <span class=\"meta-nav\">&rarr;<\/span><\/a><\/p>\n","protected":false},"author":7,"featured_media":0,"parent":174,"menu_order":0,"comment_status":"closed","ping_status":"closed","template":"","meta":[],"_links":{"self":[{"href":"https:\/\/iesbenjamin.educacion.navarra.es\/blogs\/igualdad\/wp-json\/wp\/v2\/pages\/376"}],"collection":[{"href":"https:\/\/iesbenjamin.educacion.navarra.es\/blogs\/igualdad\/wp-json\/wp\/v2\/pages"}],"about":[{"href":"https:\/\/iesbenjamin.educacion.navarra.es\/blogs\/igualdad\/wp-json\/wp\/v2\/types\/page"}],"author":[{"embeddable":true,"href":"https:\/\/iesbenjamin.educacion.navarra.es\/blogs\/igualdad\/wp-json\/wp\/v2\/users\/7"}],"replies":[{"embeddable":true,"href":"https:\/\/iesbenjamin.educacion.navarra.es\/blogs\/igualdad\/wp-json\/wp\/v2\/comments?post=376"}],"version-history":[{"count":1,"href":"https:\/\/iesbenjamin.educacion.navarra.es\/blogs\/igualdad\/wp-json\/wp\/v2\/pages\/376\/revisions"}],"predecessor-version":[{"id":377,"href":"https:\/\/iesbenjamin.educacion.navarra.es\/blogs\/igualdad\/wp-json\/wp\/v2\/pages\/376\/revisions\/377"}],"up":[{"embeddable":true,"href":"https:\/\/iesbenjamin.educacion.navarra.es\/blogs\/igualdad\/wp-json\/wp\/v2\/pages\/174"}],"wp:attachment":[{"href":"https:\/\/iesbenjamin.educacion.navarra.es\/blogs\/igualdad\/wp-json\/wp\/v2\/media?parent=376"}],"curies":[{"name":"wp","href":"https:\/\/api.w.org\/{rel}","templated":true}]}}